{"id":767,"date":"2022-11-23T11:53:31","date_gmt":"2022-11-23T11:53:31","guid":{"rendered":"https:\/\/neu.imro.at\/?page_id=767"},"modified":"2022-12-06T07:58:41","modified_gmt":"2022-12-06T07:58:41","slug":"isoliertechnik","status":"publish","type":"page","link":"https:\/\/www.imro.at\/?page_id=767","title":{"rendered":"Isoliertechnik"},"content":{"rendered":"<p>[et_pb_section fb_built=&#8220;1&#8243; admin_label=&#8220;Header&#8220; _builder_version=&#8220;4.19.0&#8243; use_background_color_gradient=&#8220;on&#8220; background_color_gradient_stops=&#8220;rgba(237,240,0,0.34) 0%|rgba(237,240,0,0.15) 99%&#8220; background_color_gradient_overlays_image=&#8220;on&#8220; background_color_gradient_start=&#8220;rgba(0,19,46,0.6)&#8220; background_color_gradient_end=&#8220;rgba(0,19,46,0.6)&#8220; background_image=&#8220;https:\/\/www.imro.at\/wp-content\/uploads\/2022\/11\/HG-fuer-Leistungsseite.png&#8220; height_tablet=&#8220;198px&#8220; height_phone=&#8220;161px&#8220; height_last_edited=&#8220;on|phone&#8220; custom_padding=&#8220;||||false|false&#8220; locked=&#8220;off&#8220; global_colors_info=&#8220;{}&#8220;][et_pb_row _builder_version=&#8220;4.16&#8243; global_colors_info=&#8220;{}&#8220;][et_pb_column type=&#8220;4_4&#8243; _builder_version=&#8220;4.16&#8243; global_colors_info=&#8220;{}&#8220;][et_pb_text _builder_version=&#8220;4.19.0&#8243; header_font=&#8220;|900|||||||&#8220; header_text_align=&#8220;center&#8220; header_text_color=&#8220;#000000&#8243; header_font_size=&#8220;100px&#8220; background_layout=&#8220;dark&#8220; custom_margin=&#8220;||||false|false&#8220; header_font_size_tablet=&#8220;70px&#8220; header_font_size_phone=&#8220;41px&#8220; header_font_size_last_edited=&#8220;on|phone&#8220; global_colors_info=&#8220;{}&#8220;]<\/p>\n<h1>Isoliertechnik<\/h1>\n<p>[\/et_pb_text][\/et_pb_column][\/et_pb_row][\/et_pb_section][et_pb_section fb_built=&#8220;1&#8243; _builder_version=&#8220;4.19.0&#8243; _module_preset=&#8220;default&#8220; background_color=&#8220;#edeff0&#8243; global_colors_info=&#8220;{}&#8220;][et_pb_row column_structure=&#8220;1_2,1_2&#8243; make_equal=&#8220;on&#8220; _builder_version=&#8220;4.19.0&#8243; _module_preset=&#8220;default&#8220; background_color=&#8220;#FFFFFF&#8220; custom_css_main_element=&#8220;margin: auto&#8220; border_radii=&#8220;on|20px|20px|20px|20px&#8220; box_shadow_style=&#8220;preset1&#8243; global_colors_info=&#8220;{}&#8220;][et_pb_column type=&#8220;1_2&#8243; _builder_version=&#8220;4.19.0&#8243; _module_preset=&#8220;default&#8220; custom_css_main_element=&#8220;margin: auto&#8220; global_colors_info=&#8220;{}&#8220;][et_pb_blurb title=&#8220;Isoliertechnik&#8220; _builder_version=&#8220;4.19.0&#8243; _module_preset=&#8220;default&#8220; header_level=&#8220;h2&#8243; header_font=&#8220;|800|||||||&#8220; background_color=&#8220;#FFFFFF&#8220; custom_padding=&#8220;20px|20px|20px|20px|true|true&#8220; custom_padding_tablet=&#8220;20px|20px|20px|20px|true|true&#8220; custom_padding_phone=&#8220;20px|20px|20px|20px|true|true&#8220; custom_padding_last_edited=&#8220;on|desktop&#8220; global_colors_info=&#8220;{}&#8220;]<\/p>\n<div class=\"ce_text referenzen_links block\">\n<p>Auch Isolierungen der VI-Rohrleitungskomponenten gem\u00e4\u00df den g\u00fcltigen Normen wird durch entsprechend geschultes Personal von uns selbst ausgef\u00fchrt.<\/p>\n<p>Unsere Mitarbeiter absolvieren j\u00e4hrlich Schulungen, um f\u00fcr alle Anforderungen ger\u00fcstet und stets am neuesten Stand der Technologien und Entwicklungen zu sein. Durch die eigenst\u00e4ndige Ausf\u00fchrung von Isolierungen profitieren unsere Kunden von noch h\u00f6herer Flexibilit\u00e4t, die sich in weiterer Folge auch in einem mit anderen Professionisten reibungsloseren und effizienteren Bauablauf widerspiegelt.<\/p>\n<\/div>\n<p>[\/et_pb_blurb][et_pb_blurb title=&#8220;UNSERE KERNKOMPETENZEN&#8220; _builder_version=&#8220;4.19.0&#8243; _module_preset=&#8220;default&#8220; header_font=&#8220;|700|||||||&#8220; background_color=&#8220;#FFFFFF&#8220; custom_padding=&#8220;20px|||20px|false|false&#8220; custom_padding_tablet=&#8220;20px|||20px|false|false&#8220; custom_padding_phone=&#8220;20px|||20px|false|false&#8220; custom_padding_last_edited=&#8220;on|desktop&#8220; global_colors_info=&#8220;{}&#8220;]<\/p>\n<ul>\n<li>Schrumpfmuffen s\u00e4mtlicher Arten und Hersteller<\/li>\n<li>Stahlhalbschalen und Montageformteile<\/li>\n<li>Montageabzweiger<\/li>\n<li>S\u00e4mtlicher Arten und Hersteller<\/li>\n<li>Montagemuffen \u2013 Extrudermuffen<\/li>\n<li>Extruderarbeiten jeglicher Art<\/li>\n<li>Installation von Leckwarnsystemen<\/li>\n<li>Messung von Leckwarnsystemen<\/li>\n<li>Reparatur und Instandhaltung von Leckwarnsystemen\u00a0<\/li>\n<\/ul>\n<p>[\/et_pb_blurb][et_pb_blurb title=&#8220;PR\u00dcFBESCHEINIGUNGEN UNSERES PERSONALS&#8220; _builder_version=&#8220;4.19.0&#8243; _module_preset=&#8220;default&#8220; header_font=&#8220;|700|||||||&#8220; background_color=&#8220;#FFFFFF&#8220; custom_padding=&#8220;20px|||20px|false|false&#8220; custom_padding_tablet=&#8220;20px|||20px|false|false&#8220; custom_padding_phone=&#8220;20px|||20px|false|false&#8220; custom_padding_last_edited=&#8220;on|desktop&#8220; global_colors_info=&#8220;{}&#8220;]<\/p>\n<ul>\n<li>Kunststoffschwei\u00dfpr\u00fcfungen nach DVS 2212-4<\/li>\n<li>Muffenmonteur f\u00fcr Kunststoffmantelrohre im Fernw\u00e4rmeleitungsbau nach AGFW-Arbeitsblatt FW603:201<\/li>\n<\/ul>\n<p>[\/et_pb_blurb][\/et_pb_column][et_pb_column type=&#8220;1_2&#8243; _builder_version=&#8220;4.19.0&#8243; _module_preset=&#8220;default&#8220; custom_css_main_element=&#8220;margin: auto&#8220; global_colors_info=&#8220;{}&#8220;][et_pb_image title_text=&#8220;Isoniertechnik&#8220; _builder_version=&#8220;4.19.1&#8243; _module_preset=&#8220;default&#8220; hover_enabled=&#8220;0&#8243; global_colors_info=&#8220;{}&#8220; src=&#8220;https:\/\/www.imro.at\/wp-content\/uploads\/2022\/12\/Isoniertechnik.jpg&#8220; sticky_enabled=&#8220;0&#8243;][\/et_pb_image][\/et_pb_column][\/et_pb_row][\/et_pb_section]<\/p>\n","protected":false},"excerpt":{"rendered":"<p>Isoliertechnik Auch Isolierungen der VI-Rohrleitungskomponenten gem\u00e4\u00df den g\u00fcltigen Normen wird durch entsprechend geschultes Personal von uns selbst ausgef\u00fchrt. Unsere Mitarbeiter absolvieren j\u00e4hrlich Schulungen, um f\u00fcr alle Anforderungen ger\u00fcstet und stets am neuesten Stand der Technologien und Entwicklungen zu sein. Durch die eigenst\u00e4ndige Ausf\u00fchrung von Isolierungen profitieren unsere Kunden von noch h\u00f6herer Flexibilit\u00e4t, die sich in [&hellip;]<\/p>\n","protected":false},"author":1,"featured_media":0,"parent":0,"menu_order":0,"comment_status":"closed","ping_status":"closed","template":"","meta":{"_et_pb_use_builder":"on","_et_pb_old_content":"","_et_gb_content_width":"","footnotes":""},"_links":{"self":[{"href":"https:\/\/www.imro.at\/index.php?rest_route=\/wp\/v2\/pages\/767"}],"collection":[{"href":"https:\/\/www.imro.at\/index.php?rest_route=\/wp\/v2\/pages"}],"about":[{"href":"https:\/\/www.imro.at\/index.php?rest_route=\/wp\/v2\/types\/page"}],"author":[{"embeddable":true,"href":"https:\/\/www.imro.at\/index.php?rest_route=\/wp\/v2\/users\/1"}],"replies":[{"embeddable":true,"href":"https:\/\/www.imro.at\/index.php?rest_route=%2Fwp%2Fv2%2Fcomments&post=767"}],"version-history":[{"count":3,"href":"https:\/\/www.imro.at\/index.php?rest_route=\/wp\/v2\/pages\/767\/revisions"}],"predecessor-version":[{"id":1003,"href":"https:\/\/www.imro.at\/index.php?rest_route=\/wp\/v2\/pages\/767\/revisions\/1003"}],"wp:attachment":[{"href":"https:\/\/www.imro.at\/index.php?rest_route=%2Fwp%2Fv2%2Fmedia&parent=767"}],"curies":[{"name":"wp","href":"https:\/\/api.w.org\/{rel}","templated":true}]}}